{"id":13,"date":"2009-11-26T16:06:55","date_gmt":"2009-11-26T15:06:55","guid":{"rendered":"http:\/\/www.pinguinstall.org\/?page_id=13"},"modified":"2020-01-06T14:30:22","modified_gmt":"2020-01-06T12:30:22","slug":"projekte-publikationen","status":"publish","type":"page","link":"https:\/\/clustermeister.de\/index.php\/projekte-publikationen\/","title":{"rendered":"Projekte \/ Publikationen"},"content":{"rendered":"<h2><strong>My OrcID<\/strong><\/h2>\n<p><a href=\"https:\/\/orcid.org\/0000-0001-6967-8707\">https:\/\/orcid.org\/0000-0001-6967-8707<\/a><\/p>\n<h2><strong>Awards \/ Auszeichnungen<\/strong><\/h2>\n<ul>\n<li>2008: Winner (Team) of the ACM\/IEEE Cluster Challenge at Supercomputing 08 (Austin\/TX)<\/li>\n<li>2009: Best Student Paper Award on LCI Conference (2nd best paper overall)<\/li>\n<\/ul>\n<h2><strong>Publications \/ Publikationen<br \/>\n<\/strong><\/h2>\n<h3>Projects<\/h3>\n<ul>\n<li>Since May 2015 I am a full member of the <a href=\"https:\/\/www.cosmos.esa.int\/web\/gaia\/dpac\/consortium\">ESA Gaia DPAC consortium<\/a><\/li>\n<li>I do full time work on gravitational wave detection using Gaia-like astrometry<\/li>\n<\/ul>\n<h3>2018-<\/h3>\n<p>Please see my Google-Scholar page: <a href=\"https:\/\/scholar.google.de\/citations?user=Bq1xHuQAAAAJ\">https:\/\/scholar.google.de\/citations?user=Bq1xHuQAAAAJ<\/a><\/p>\n<h4>Internal DPAC Reports<\/h4>\n<ul>\n<li>Barycentric ephemerides of natural satellites in the DPAC computational framework (GAIA-C3-TN-LO-RGY-001-2)<\/li>\n<li>Influence of different components of an astrometric gravitational wave signal on the global astrometric solution (GAIA-CA-TN-LO-RGY-002-1)<\/li>\n<li><span style=\"color: #999999;\">GW detection limit for the Gaia mission (RGY-003, draft)<\/span><\/li>\n<li><span style=\"color: #999999;\">Optimal Basic Angle for GW Observations (RGY-004, draft)<\/span><\/li>\n<li>Implementation and first test of the VSH-based search algorithm for gravitational waves in Gaia-like astrometric data (GAIA-CA-TN-LO-RGY-005-1)<\/li>\n<\/ul>\n<h3>2017<\/h3>\n<ul>\n<li>Klioner, S.A., Geyer, R., Steidelm\u00fcller, H., Butkevich, A.G. (2016): <em>Data timing, time transfer and on-board clock monitoring for space astrometry with Gaia<\/em>, Proceedings of the ISSI\/HISPAC Workshop on &#8220;High Performance Clocks, with Special Emphasis on Geodesy and Geophysics and Applications to Other Bodies of the Solar System&#8221;<\/li>\n<li>Geyer, R., Klioner, S.A. (2016): <em>Barycentric ephemerides of natural satellites in the DPAC computational framework<\/em>, GAIA-C3-TN-LO-RGY-001-1 (ESA, Gaia, DPAC Internal Report)<\/li>\n<li>Geyer, R., Klioner, S.A. (2017): <em>Influence of different components of an astrometric gravitational wave signal on the global astrometric solution<\/em>, GAIA-C3-TN-LO-RGY-002 (ESA, Gaia, DPAC Internal Report)<\/li>\n<li>Geyer, R., Klioner, S.A. (2017): <em>Influence of a plane gravitational wave on the standard astrometric solution<\/em>, GAIA-C3-TN-LO-RGY-003 (ESA, Gaia, DPAC Internal Report)<\/li>\n<\/ul>\n<h3>2016<\/h3>\n<ul>\n<li><em>Gaia data release 1. Pre-processing and source list creation<\/em>; C. Fabricius, U. Bastian, J. Portell, et al. (incl. Robin Geyer); <a href=\"http:\/\/dx.doi.org\/10.1051\/0004-6361\/201628643\">http:\/\/dx.doi.org\/10.1051\/0004-6361\/201628643<\/a>; A&amp;A Gaia DR1 Special Issue 2016<\/li>\n<li><em>Gaia data release 1. Astrometry: one billion positions, two million proper motions, and parallaxes<\/em>; L. Lindegren, U. Lammers, U. Bastian, J. Hern\u00e1ndez, S. Klioner, D. Hobbs, A. Bombrun, D. Michalik, et al. (incl. Robin Geyer); <a href=\"http:\/\/dx.doi.org\/10.1051\/0004-6361\/201628714\">http:\/\/dx.doi.org\/10.1051\/0004-6361\/201628714<\/a>; A&amp;A Gaia DR1 Special Issue 2016<\/li>\n<li>The Gaia mission; Gaia Collaboration (incl. Robin Geyer); <a href=\"http:\/\/dx.doi.org\/10.1051\/0004-6361\/201629272\">http:\/\/dx.doi.org\/10.1051\/0004-6361\/201629272<\/a>; A&amp;A Gaia DR1 Special Issue 2016<\/li>\n<li>Gaia Data Release 1. Summary of the astrometric, photometric, and survey properties; Gaia Collaboration (incl. Robin Geyer); <a href=\"http:\/\/dx.doi.org\/10.1051\/0004-6361\/201629512\">http:\/\/dx.doi.org\/10.1051\/0004-6361\/201629512<\/a>; A&amp;A Gaia DR1 Special Issue 2016<\/li>\n<\/ul>\n<h3>2015<\/h3>\n<ul>\n<li><em>An energy efficiency feature survey of the Intel Haswell processor<\/em>; D Hackenberg, R Sch\u00f6ne, T Ilsche, D Molka, J Schuchart, R Geyer; Parallel and Distributed Processing Symposium Workshop (IPDPSW 2015) (<a href=\"https:\/\/tu-dresden.de\/die_tu_dresden\/zentrale_einrichtungen\/zih\/forschung\/projekte\/firestarter\/2015_hackenberg_hppac.pdf\">https:\/\/tu-dresden.de\/die_tu_dresden\/zentrale_einrichtungen\/zih\/forschung\/projekte\/firestarter\/2015_hackenberg_hppac.pdf<\/a>)<\/li>\n<\/ul>\n<h3><strong>2013<\/strong><\/h3>\n<ul>\n<li>Oct 2013: E. Mai, R. Geyer; <em>Numerical Orbit Integration based on Lie Series with Use of Parallel Computing Techniques<\/em>; Advances in Space Research, ISSN 0273-1177, <a href=\"http:\/\/dx.doi.org\/10.1016\/j.asr.2013.10.013\">http:\/\/dx.doi.org\/10.1016\/j.asr.2013.10.013<\/a>. (<a href=\"http:\/\/www.sciencedirect.com\/science\/article\/pii\/S0273117713006479\">http:\/\/www.sciencedirect.com\/science\/article\/pii\/S0273117713006479<\/a>)<\/li>\n<\/ul>\n<h3><strong>2012<\/strong><\/h3>\n<ul>\n<li>Ab Juni 2011: Ver\u00f6ffentlichung mehrerer hundert Asteroidenpositionen (Follow-Ups) f\u00fcr die Listen des Minor Planet Centers (<a href=\"http:\/\/minorplanetcenter.net\/db_search\/show_by_date?commit=Show&amp;end_date=2012-07-30&amp;observatory_code=C01+--+Lohrmann-Observatorium%2C+Triebenberg&amp;page=1&amp;start_date=2011-01-01\">Liste hier<\/a>)<\/li>\n<li>Arbeiten zum Thema &#8220;Effiziente (parallele) Auswertung von Lie-Reihen zur Berechnung von Satellitenbahnen&#8221; (<a href=\"http:\/\/www.pinguinstall.org\/?page_id=1073\">Link<\/a>)<\/li>\n<\/ul>\n<h4>MPC Publications<\/h4>\n<ul>\n<li>Minor Planet Observations [C01 Lohrmann-Observatorium, Triebenberg]; Langhans, R.; Geyer, R.; Minor Planet Circular 78051, 10 (2012); <a href=\"http:\/\/adsabs.harvard.edu\/abs\/2012MPC..78051..10L\">http:\/\/adsabs.harvard.edu\/abs\/2012MPC..78051..10L<\/a><\/li>\n<li>Minor Planet Observations [C01 Lohrmann-Observatorium, Triebenberg]; Langhans, R.; Geyer, R.; Minor Planet Circular 78444, 7 (2012); <a href=\"http:\/\/adsabs.harvard.edu\/abs\/2012MPC..78444...7L\">http:\/\/adsabs.harvard.edu\/abs\/2012MPC..78444&#8230;7L<\/a><\/li>\n<li>Minor Planet Observations [C01 Lohrmann-Observatorium, Triebenberg]; Langhans, R.; Geyer, R.; Gerlach, E.; Minor Planet Circular 78901, 7 (2012); <a href=\"http:\/\/adsabs.harvard.edu\/abs\/2012MPC..78901...7L\">http:\/\/adsabs.harvard.edu\/abs\/2012MPC..78901&#8230;7L<\/a><\/li>\n<li>Minor Planet Observations [C01 Lohrmann-Observatorium, Triebenberg]; Langhans, R.; Gerlach, E.; Geyer, R.; Moerbe, S.; Minor Planet Circular 79223, 12 (2012); <a href=\"http:\/\/adsabs.harvard.edu\/abs\/2012MPC..79223..12L\">http:\/\/adsabs.harvard.edu\/abs\/2012MPC..79223..12L<\/a><\/li>\n<\/ul>\n<h3><strong>2011<\/strong><\/h3>\n<ul>\n<li>Paper:Coarse Grained Parallelized Scientific Applications on a Cost Efficient Intel Atom Based Cluster; Robin Geyer, Andy Georgi and Wolfgang E. Nagel; <a href=\"http:\/\/www.sciencedirect.com\/science\/article\/pii\/S1877050911002742\" target=\"_blank\" rel=\"noopener noreferrer\">ICCS 2011 Nanyang Technological University Singapore; Procedia Computer Science<\/a><\/li>\n<li>Paper: Linux Cluster in Theory and Practice: A Novel Approach in Teaching Cluster Computing Based on the Intel Atom Platform; Andy Georgi, Stefan H\u00f6hlig, Robin Geyer and Wolfgang E. Nagel; <a href=\"http:\/\/www.sciencedirect.com\/science\/article\/pii\/S1877050911002675\" target=\"_blank\" rel=\"noopener noreferrer\">ICCS 2011 Nanyang Technological University Singapore; Procedia Computer Science<\/a><\/li>\n<\/ul>\n<h4>MPC Publications:<\/h4>\n<ul>\n<li>Minor Planet Observations [C01 Lohrmann-Observatorium, Triebenberg]; Langhans, R.; Geyer, R.; Minor Planet Circular 75447, 13 (2011); <a href=\"http:\/\/adsabs.harvard.edu\/abs\/2011MPC..75447..13L\">http:\/\/adsabs.harvard.edu\/abs\/2011MPC..75447..13L<\/a><\/li>\n<li>Minor Planet Observations [C01 Lohrmann-Observatorium, Triebenberg]; Langhans, R.; Geyer, R.; Minor Planet Circular 75627, 10 (2011); <a href=\"http:\/\/adsabs.harvard.edu\/abs\/2011MPC..75627..10L\">http:\/\/adsabs.harvard.edu\/abs\/2011MPC..75627..10L<\/a><\/li>\n<li>Minor Planet Observations [C01 Lohrmann-Observatorium, Triebenberg]; Langhans, R.; Geyer, R.; Minor Planet Circular 76450, 9 (2011); <a href=\"http:\/\/adsabs.harvard.edu\/abs\/2011MPC..76450...9L\">http:\/\/adsabs.harvard.edu\/abs\/2011MPC..76450&#8230;9L<\/a><\/li>\n<li>Minor Planet Observations [C01 Lohrmann-Observatorium, Triebenberg]; Langhans, R.; Geyer, R.; Minor Planet Circular 76873, 4 (2011); <a href=\"http:\/\/adsabs.harvard.edu\/abs\/2011MPC..76873...4L\">http:\/\/adsabs.harvard.edu\/abs\/2011MPC..76873&#8230;4L<\/a><\/li>\n<li>Minor Planet Observations [C01 Lohrmann-Observatorium, Triebenberg]; Langhans, R.; Geyer, R.; Minor Planet Circular 77272, 2 (2011);\u00a0<a href=\"http:\/\/adsabs.harvard.edu\/abs\/2011MPC..77272...2L\">http:\/\/adsabs.harvard.edu\/abs\/2011MPC..77272&#8230;2L<\/a><\/li>\n<\/ul>\n<h3><strong>2010<\/strong><\/h3>\n<ul>\n<li>Vorlesung: <a href=\"http:\/\/tu-dresden.de\/die_tu_dresden\/zentrale_einrichtungen\/zih\/lehre\/ws0910\/lctp\" target=\"_blank\" rel=\"noopener noreferrer\">Linux Cluster in Theorie und Praxis<\/a>, Vorlesung mit Praktikum; Betreuung und Konzeption: Andy Georgi, Robin Geyer, Stefan H\u00f6hlig, Oliver Knodel<\/li>\n<li>Vortrag: &#8220;Parallele Programmierung mit OpenMP und MPI &#8212; Oder, wieso Fr\u00fcher alles besser war?&#8221; (<a href=\"http:\/\/www.clug.de\/2010\/09\/16\/stammtisch-am-8-oktober-2010\/\" target=\"_blank\" rel=\"noopener noreferrer\">Folien<\/a>)<\/li>\n<\/ul>\n<h3><strong>2009<\/strong><\/h3>\n<ul>\n<li>Paper: J. M\u00fcller, T. Schneider, J. Domke, R. Geyer, M. H\u00e4sing, T. Hoefler, S. H\u00f6hlig, G. Juckeland, A. Lumsdaine, M. S. M\u00fcller and W. E. Nagel \u2013 Cluster Challenge 2008: Optimizing Cluster Configuration and Applications to Maximize Power Efficiency \u2013 Paper \u2013 Linux Cluster Institute Conference \/ March 10-12, 2009 \/ Boulder, Colorado, USA<\/li>\n<li>Vortrag: R. Geyer, J. M\u00fcller, S. H\u00f6hlig \u2013 Chemnitzer Linux Tage 2009 \u2013 Cluster Computing &amp; OpenSource<\/li>\n<li>Projekt: ZIH\/TU Dresden \u2013 libveclgca: LGCA (Lattice Gas Cellular Automata) Bibliothek optimiert f\u00fcr NEC SX<\/li>\n<li>Projekt: ZIH\/TU Dresden \u2013 Portierung der Software RAxML auf NEC SX<\/li>\n<li>Podcast: C3D2 @ Coloradio: T. William, R.Geyer <a href=\"http:\/\/www.c3d2.de\/news\/pentacast-6-high-performance-computing.html\" target=\"_blank\" rel=\"noopener noreferrer\">High Performance Computing<\/a><\/li>\n<\/ul>\n<h3><strong>2008<\/strong><\/h3>\n<ul>\n<li>Wettbewerb: R. Geyer, J. M\u00fcller, J. Domke, T. Schneider, V. Savage, A. Schwenker \u2013 Cluster Challenge @ SC08<\/li>\n<li>Report: R. Geyer \u2013 Proseminar: Vektorrechner der Firma NEC \u2013 Internal Report <a href=\"http:\/\/pinguinstall.org\/rgeyer_NEC_SX_proseminar.pdf\">[Arbeit-Download]<\/a>, <a href=\"http:\/\/pinguinstall.org\/rgeyer_NEC_SX_vortrag.pdf\">[Vortrag-Download]<\/a><\/li>\n<li>Report: R. Geyer \u2013 The BenchIT Project, gcc-4.3.0 installation and performance comparison \u2013 <a href=\"http:\/\/www.benchit.org\/downloads\/documents\/comparing_gcc42_gcc43.pdf\">short Report on the BenchIT Website<\/a><\/li>\n<\/ul>\n<h3><strong>2007<\/strong><\/h3>\n<ul>\n<li>Einstieg ins Projekt BenchIT an der TU Dresden<\/li>\n<li>Projekt: Onlineumfrage f\u00fcr BVJ Sch\u00fcler im Auftrag des s\u00e4chsischen Staatsinstitutes f\u00fcr Bildung und Schulentwicklung (S\u00e4chsisches Bildungs Institut)<\/li>\n<li>Projekt: Onlineumfrage f\u00fcr BVJ Schulleiter im Auftrag des s\u00e4chsischen Staatsinstitutes f\u00fcr Bildung und Schulentwicklung (S\u00e4chsisches Bildungs Institut)<\/li>\n<li>Projekt: Onlineumfrage f\u00fcr BVJ Berufsschullehrer im Auftrag des s\u00e4chsischen Staatsinstitutes f\u00fcr Bildung und Schulentwicklung (S\u00e4chsisches Bildungs Institut)<\/li>\n<li>Vortrag: M. Haustein, R. Geyer \u2013 Fraktale und das Chaos, ein mathematisch-visueller Einblick<\/li>\n<\/ul>\n<h3><strong>2006<\/strong><\/h3>\n<ul>\n<li>Projekt: Sch\u00fclerbefragung (online) im Auftrag des s\u00e4chsischen Staatsinstitutes f\u00fcr Bildung und Schulentwicklung (Comenius-Institut)<\/li>\n<li>Vortrag: M. Haustein, R. Geyer \u2013 Infinitesimale Probleme in der Mathematik<\/li>\n<li>Mitschrift: R. Geyer, J. M\u00fcller \u2013 Mitschrift zur VL Algebra I\/II f\u00fcr Informationsystemtechniker<\/li>\n<\/ul>\n<h3><strong>2005<\/strong><\/h3>\n<ul>\n<li>Projekt: Onlineumfrage zum neuen Arbeitsmaterial im Auftrag des s\u00e4chsischen Staatsinstitutes f\u00fcr Bildung und Schulentwicklung (Comenius-Institut)<\/li>\n<\/ul>\n","protected":false},"excerpt":{"rendered":"<p>My OrcID https:\/\/orcid.org\/0000-0001-6967-8707 Awards \/ Auszeichnungen 2008: Winner (Team) of the ACM\/IEEE Cluster Challenge at Supercomputing 08 (Austin\/TX) 2009: Best Student Paper Award on LCI Conference (2nd best paper overall) Publications \/ Publikationen Projects Since May 2015 I am a full member of the ESA Gaia DPAC consortium I do full time work on gravitational &hellip; <\/p>\n<p class=\"link-more\"><a href=\"https:\/\/clustermeister.de\/index.php\/projekte-publikationen\/\" class=\"more-link\">Continue reading<span class=\"screen-reader-text\"> &#8220;Projekte \/ Publikationen&#8221;<\/span><\/a><\/p>\n","protected":false},"author":1,"featured_media":0,"parent":0,"menu_order":0,"comment_status":"closed","ping_status":"open","template":"","meta":{"footnotes":""},"class_list":["post-13","page","type-page","status-publish","hentry"],"_links":{"self":[{"href":"https:\/\/clustermeister.de\/index.php\/wp-json\/wp\/v2\/pages\/13","targetHints":{"allow":["GET"]}}],"collection":[{"href":"https:\/\/clustermeister.de\/index.php\/wp-json\/wp\/v2\/pages"}],"about":[{"href":"https:\/\/clustermeister.de\/index.php\/wp-json\/wp\/v2\/types\/page"}],"author":[{"embeddable":true,"href":"https:\/\/clustermeister.de\/index.php\/wp-json\/wp\/v2\/users\/1"}],"replies":[{"embeddable":true,"href":"https:\/\/clustermeister.de\/index.php\/wp-json\/wp\/v2\/comments?post=13"}],"version-history":[{"count":11,"href":"https:\/\/clustermeister.de\/index.php\/wp-json\/wp\/v2\/pages\/13\/revisions"}],"predecessor-version":[{"id":3128,"href":"https:\/\/clustermeister.de\/index.php\/wp-json\/wp\/v2\/pages\/13\/revisions\/3128"}],"wp:attachment":[{"href":"https:\/\/clustermeister.de\/index.php\/wp-json\/wp\/v2\/media?parent=13"}],"curies":[{"name":"wp","href":"https:\/\/api.w.org\/{rel}","templated":true}]}}